2 - 12*a + 10. What is the remainder when r(o) is divided by 21?
13
Suppose -2*b = 5*b - 84. Suppose -4*q - 3*t = -197, t - 232 = -4*q + 5*t. What is the remainder when q is divided by b?
5
Suppose 0*z - 2*z + 5*r = -178, -474 = -5*z - 2*r. Calculate the remainder when 97 is divided by z.
3
Let w = -392 + 395. Suppose 2*a + 4 = 0, 2*c - w*a + 0*a = 20. What is the remainder when (1 + -2)*-1*33 is divided by c?
5
Let p = 18922 + -18884. What is the remainder when 2479 is divided by p?
9
What is the remainder when 165 is divided by (-14 + 1334/(-69))/((-1)/3)?
65
Let m(x) = 86*x - 3272. What is the remainder when 2940 is divided by m(55)?
24
Suppose -35*d - 12 = -37*d. Suppose -326 = -5*t + 939. Calculate the remainder when 18/45 + t/5 is divided by d.
3
Let l = -13414 + 13567. What is the remainder when 7341 is divided by l?
150
Let z = -716 - -795. Calculate the remainder when 918 is divided by z.
49
Let j(l) = 2*l + 3 + 19*l - 10*l + 9*l. What is the remainder when 148 is divided by j(2)?
19
Let w be (3 - 1)/(8/(4 + 0)). Let z be (5 - w)*(-3 - (7 + -11)). Suppose 3*a + z = 5*a. What is the remainder when a is divided by 2?
0
Suppose 1335 + 7133 = 292*h. Calculate the remainder when 1309 is divided by h.
4
Calculate the remainder when -4 + 0 - (-8 + 23 + -283) is divided by 42.
12
Calculate the remainder when 367 is divided by (-111)/((-21)/(-14)*-2).
34
Let m = -83 + 158. Suppose -4*r - r + m = 0. Calculate the remainder when (70/(-14))/((-2)/10) is divided by r.
10
Suppose 149*x - 90514 = 24663. What is the remainder when x is divided by 23?
14
Let m(k) = -2*k**2 + 157*k - 102. Let x = -30 + 100. Calculate the remainder when m(76) is divided by x.
68
Calculate the remainder when 385 is divided by (686/(-392))/((-2)/224).
189
Suppose 0 = 5*l - 9*y + 14*y - 2985, -2*y - 606 = -l. Suppose 11*g = g + l. What is the remainder when g is divided by 8?
4
Let t = -80 + 135. Calculate the remainder when 508/6*((-3)/6)/(13/(-117)) is divided by t.
51
Suppose 2*a + 137 = 4*x + 7*a, 2*x = 3*a + 41. Calculate the remainder when x is divided by 0 + 11 - 3*(-21)/9.
10
Let c = -11950 + 12051. Calculate the remainder when c is divided by 34.
33
Let h = 2601 + -2515. Calculate the remainder when 687 is divided by h.
85
Suppose 4*h = -5*t - 0*h + 81, h - 4 = 0. Suppose 2*u = -2*u - 10*u. Suppose g + 84 - 131 = u. What is the remainder when g is divided by t?
8
Suppose 3*s + 249 = 3*n, -3*n - 3*s - 2*s = -265. What is the remainder when n is divided by (-93)/62*160/(-24)?
5
Let f be 8/28 - 64/28 - -4. Let q(g) = 3*g**f - 7*g + 16 - 2*g**2 + 11*g + g. What is the remainder when q(-4) is divided by 2?
0
Suppose -251 = 11*i - 317. What is the remainder when 244 is divided by i?
4
Suppose 30 = 2*w + 4*r, -5*r + 32 = 2*w - 2. Let s(o) = 5*o**2 - 32*o + 59. What is the remainder when 90 is divided by s(w)?
10
Suppose -a - 2*q - 29 = -0*a, -2*q = 8. Calculate the remainder when -35*3/a*30 is divided by 31.
26
Suppose -8*x = -12*x + 44. Let p be ((-3)/3)/(3/(-15)). Suppose -u + 3*r = -62 - 90, -p*u + 824 = r. What is the remainder when u is divided by x?
10
Suppose -3*k + 117 = 3*i, -16*i - 164 = -4*k - 12*i. What is the remainder when 877 is divided by k?
37
Suppose 0 = -5*r + 5, -r + 27 = 2*k - k. Suppose -k*y - 63 = -29*y. What is the remainder when y is divided by 4?
1
Suppose -9*f + 2608 = -35*f + 22420. Calculate the remainder when f is divided by 105.
27
Suppose 21*v + 3*z - 5247 = 17*v, 4*v - 5254 = -2*z. What is the remainder when v is divided by 5?
2
Let v be 2/((-9)/(14175/(-14))). Let j = v - 203. What is the remainder when 37 is divided by j?
15
Calculate the remainder when 462 is divided by (-102)/(-136) - ((-115)/20)/(1/31).
104
Suppose -34 = -3*r - b, 27 = 5*r - 2*b - 48. Calculate the remainder when 76 is divided by r.
11
Let r(m) = m**3 - 3*m**2 - 5*m + 17. Let f be r(-6). Let l = f - -445. Calculate the remainder when l is divided by 17.
15
Suppose 2*x - 22 = c, x - 3*c + 55 = 6*x. Let n be 10/55 - (64/x)/(-1). Calculate the remainder when -3 - -4*57/n is divided by 9.
8
Let r(w) = w**3 - 11*w**2 + 15*w - 7. Let c = -21 - -53. Suppose 4*l - 8 - c = 3*f, 3*l = -f + 30. Calculate the remainder when r(l) is divided by 24.
19
Let x(a) = -a**3 + 5*a**2 - 13*a - 4. Let b be 4 - (0/4)/(-3). Let l be x(b). Let f = l - -57. What is the remainder when 133 is divided by f?
14
Let i = -107 + 128. Suppose 5*b = 27 + 18. Suppose 1 - b = -p. Calculate the remainder when i is divided by p.
5
Let a = -40 - -76. Suppose -32*p + a*p = 116. What is the remainder when 98 is divided by p?
11
What is the remainder when 902 is divided by (91140/(-868))/(-2 + 1)?
62
Suppose 143*c = 92*c + 89*c - 912. What is the remainder when 3694 is divided by c?
22
What is the remainder when 3328/6 + 3*(-20)/90 is divided by 282?
272
Suppose -2*f - 5*o - 224 = -3066, 5*o + 5564 = 4*f. Calculate the remainder when f is divided by 463.
12
Suppose -17*h - 790675 + 792001 = 0. Let a be (1 - 2)*(-3 - 0). Suppose 38 = a*g + 5*k, 0*g + 6 = g + 5*k. What is the remainder when h is divided by g?
14
Let k(w) = w**2 + 8*w - 14. Let y be k(-7). Let p be (y/(-14))/(6/952). Suppose -p = -5*u + 107. What is the remainder when u is divided by 14?
13
Let h = 42 + -39. Suppose 0 = -5*g + 2*o + 24, 3*o = -0*g - h*g + 6. Suppose -g*q = -94 + 10. What is the remainder when q is divided by 6?
3
Let o = -89 - -100. Suppose -2*d - o + 121 = 0. Suppose i + d = 2*i. What is the remainder when i is divided by 29?
26
Suppose w - 2*w - 2*l - 6 = 0, -w - l = 3. Suppose w = 6*q - 130 - 152. Let p = q + -16. Calculate the remainder when p is divided by 11.
9
Let g(m) be the third derivative of -m**6/120 - 3*m**5/5 + m**4/24 + 38*m**3/3 + 10*m**2 - 4*m. What is the remainder when 159 is divided by g(-36)?
39
Suppose -w - 118 = 3*g - 496, -w + 253 = 2*g. Calculate the remainder when 509 is divided by g.
9
Suppose -2*v + 4*v - v = 0. Suppose 0 = -5*o + 3*l + 855, 2*l - 804 = -5*o + 26. Calculate the remainder when o is divided by (v + 3)/(42/476).
32
Let h(k) = 15*k**2 - 52*k + 139. Calculate the remainder when h(9) is divided by 114.
88
Suppose -44*b - 8264 - 1981 = -59*b. Calculate the remainder when b is divided by 7.
4
Let d(p) = 10*p - 7. Let u(i) be the second derivative of 2*i**3/3 + 43*i**2/2 - 13*i. Calculate the remainder when d(6) is divided by u(-8).
9
Suppose 7*t = 8*t - 12. Suppose -2*u + 37 = 3*u - 3*g, 2*u = -4*g - 6. Suppose 31 = u*x + 16. Calculate the remainder when t is divided by x.
0
Let c(d) = -d - 4. Let t be c(-8). Let x = t - -11. Suppose -3*j - 2*s + 113 = 0, -210 = 6*j - 11*j + s. What is the remainder when j is divided by x?
11
Suppose -117 = 13*i - 13. Calculate the remainder when 149 is divided by ((-380)/(-133))/(i/(-84)).
29
Suppose -3*d - 4 = -c - 2*d, -4*d = 4*c. Suppose 2*u = 3*m - c*u - 89, -2*m + 21 = 5*u. Calculate the remainder when 131 is divided by m.
16
Let y(j) = -j. Let b(l) = 12*l + 23. Let g(t) = b(t) - 3*y(t). What is the remainder when 273 is divided by g(0)?
20
Let k(g) = 2*g**2 - 3*g**2 - g**2 + 2*g - 2 - g**3. Let o be k(-3). Calculate the remainder when 7 is divided by o/(-3) - (-128)/24.
2
Suppose u = 94 + 57. Suppose 571*o + 7211 = 16*o + 89906. Calculate the remainder when o is divided by (-1)/3 + u/3.
49
Suppose 5*y + 21 = g + g, -20 = -4*y. Suppose -19*b - 28 = -g*b. Suppose 5*v = b + 8. What is the remainder when 15 is divided by v?
0
Suppose -2*t + 2*y + 36 = -2*y, 0 = -t + 5*y + 21. Suppose 2*g - 16 = 2*i, 5*i = -4*g - g + 50. Calculate the remainder when (-6 - -4) + 3 + t is divided by g.
8
Suppose 0 = 155*n - 126*n - 2726. What is the remainder when 334 is divided by n?
52
Let w = -39 - -41. Let p be 114*(-1 + w) + 3. Suppose y + 5*t + 0 = 6, 5*y = 4*t + p. What is the remainder when 101 is divided by y?
17
Suppose 10371 = 12*o - 10423 + 8230. What is the remainder when o is divided by 10?
7
Suppose -64 + 32 = o - 5*a, -5*o + a + 56 = 0. Let x(t) = -t**3 - 5*t**2 - 4*t + 7. Calculate the remainder when x(-8) is divided by o.
10
Let q be (5 - (4 - 3))*-149. Let n = q + 927. Calculate the remainder when n is divided by 67.
63
Let t = 197 + -349. Let i = t - -262. Suppose 9*k - 112 = 5*k. What is the remainder when i is divided by k?
26
Let r be 132/11*(-7)/(-